{"id":227,"date":"2025-11-20T22:09:07","date_gmt":"2025-11-20T22:09:07","guid":{"rendered":"https:\/\/stereobitfm.com\/?page_id=227"},"modified":"2025-11-21T00:54:22","modified_gmt":"2025-11-21T00:54:22","slug":"quienes-somos","status":"publish","type":"page","link":"https:\/\/stereobitfm.com\/?page_id=227","title":{"rendered":"\u00bfQui\u00e9nes Somos?"},"content":{"rendered":"<p>[et_pb_section fb_built=&#8221;1&#8243; theme_builder_area=&#8221;post_content&#8221; _builder_version=&#8221;4.27.2&#8243; _module_preset=&#8221;default&#8221; min_height=&#8221;221.3px&#8221; custom_padding=&#8221;||0px|||&#8221;][et_pb_row _builder_version=&#8221;4.27.2&#8243; _module_preset=&#8221;default&#8221; theme_builder_area=&#8221;post_content&#8221; hover_enabled=&#8221;0&#8243; sticky_enabled=&#8221;0&#8243;][et_pb_column _builder_version=&#8221;4.27.2&#8243; _module_preset=&#8221;default&#8221; type=&#8221;4_4&#8243; theme_builder_area=&#8221;post_content&#8221;][\/et_pb_column][\/et_pb_row][\/et_pb_section][et_pb_section fb_built=&#8221;1&#8243; theme_builder_area=&#8221;post_content&#8221; _builder_version=&#8221;4.27.2&#8243; _module_preset=&#8221;default&#8221; title_text=&#8221;5271&#8243; background_image=&#8221;https:\/\/stereobitfm.com\/wp-content\/uploads\/2025\/11\/5271.jpg&#8221; background_enable_mask_style=&#8221;on&#8221; background_mask_color=&#8221;#000000&#8243; background_mask_transform=&#8221;flip_vertical|rotate_90_degree&#8221; background_mask_aspect_ratio=&#8221;square&#8221; background_mask_size=&#8221;cover&#8221; background_mask_blend_mode=&#8221;screen&#8221; hover_enabled=&#8221;0&#8243; sticky_enabled=&#8221;0&#8243; custom_padding=&#8221;182px||164px||false|false&#8221;][et_pb_row _builder_version=&#8221;4.27.2&#8243; _module_preset=&#8221;default&#8221; theme_builder_area=&#8221;post_content&#8221; background_enable_color=&#8221;off&#8221; hover_enabled=&#8221;0&#8243; sticky_enabled=&#8221;0&#8243;][et_pb_column _builder_version=&#8221;4.27.2&#8243; _module_preset=&#8221;default&#8221; type=&#8221;4_4&#8243; theme_builder_area=&#8221;post_content&#8221;][et_pb_text _builder_version=&#8221;4.27.2&#8243; _module_preset=&#8221;default&#8221; theme_builder_area=&#8221;post_content&#8221; text_text_color=&#8221;#FFFFFF&#8221; header_text_color=&#8221;#FFFFFF&#8221; header_text_align=&#8221;center&#8221; header_font=&#8221;|700|||||||&#8221; hover_enabled=&#8221;0&#8243; sticky_enabled=&#8221;0&#8243; background_color=&#8221;RGBA(255,255,255,0)&#8221;]<\/p>\n<p>Somos una empresa de radiodifusi\u00f3n mexicana con una trayectoria s\u00f3lida y de liderazgo, ubicada estrat\u00e9gicamente en Ciudad Valles, San Luis Potos\u00ed.<br \/>Con 37 a\u00f1os de experiencia ininterrumpida en el sector de la comunicaci\u00f3n (fundada en 1988), Stereobit 103.7 FM se ha consolidado como la estaci\u00f3n de radio l\u00edder e indiscutible en toda la regi\u00f3n de la Huasteca Potosina.<\/p>\n<p>&nbsp;<\/p>\n<h1>Nuestro Impacto y Contenido<\/h1>\n<p>Enfoque Regional y Pertinente: Nuestro contenido est\u00e1 dise\u00f1ado espec\u00edficamente para resonar con la audiencia de la Huasteca, ofreciendo una mezcla balanceada de noticias de alta relevancia (siendo un referente informativo), entretenimiento de calidad y la mejor selecci\u00f3n musical contempor\u00e1nea (o el g\u00e9nero principal que manejen).<\/p>\n<p>Credibilidad y Confianza: Nos distinguimos por generar confianza y credibilidad a largo plazo. Seg\u00fan estudios de audiencia, 8 de cada 10 personas que escuchan radio en la regi\u00f3n nos sintonizan a diario, lo que nos posiciona como la opci\u00f3n n\u00famero uno para el p\u00fablico.<\/p>\n<p>&nbsp;<\/p>\n<h1>Valor para Nuestros Socios Comerciales<\/h1>\n<p>Resultados Comprobados: Los principales negocios de la regi\u00f3n nos eligen consistentemente por encima de cualquier otro medio. Esto se debe a nuestra probada capacidad para generar altos resultados de ventas, posicionar marcas, productos y servicios, y asegurar el \u00e9xito de campa\u00f1as publicitarias de gran impacto.<\/p>\n<p>Alcance Inigualable: La lealtad de nuestra audiencia garantiza que su mensaje llegue al mayor n\u00famero de clientes potenciales de manera efectiva.<\/p>\n<p>&nbsp;<\/p>\n<h1>Mensaje del Director<\/h1>\n<blockquote>\n<p>En Stereobit 103.7 FM, nuestro liderazgo durante 37 a\u00f1os es un reflejo de nuestro compromiso con la Huasteca Potosina. Somos la voz de la regi\u00f3n, y nuestra misi\u00f3n es ofrecer un contenido que genera confianza en nuestra audiencia y resultados tangibles para nuestros socios comerciales. Gracias por elegir a la estaci\u00f3n n\u00famero uno.&#8221;<\/p>\n<p>Lic. Gabriel Castillo Vidales Director General de Stereobit 103.7 FM<\/p>\n<\/blockquote>\n<p>[\/et_pb_text][\/et_pb_column][\/et_pb_row][\/et_pb_section]<\/p>\n","protected":false},"excerpt":{"rendered":"<p>Empresa de radiodifusi\u00f3n con 37 a\u00f1os de experiencia ininterrumpida en el sector de la comunicaci\u00f3n<\/p>\n","protected":false},"author":1,"featured_media":16,"parent":0,"menu_order":0,"comment_status":"closed","ping_status":"closed","template":"","meta":{"_et_pb_use_builder":"on","_et_pb_old_content":"","_et_gb_content_width":"","footnotes":""},"class_list":["post-227","page","type-page","status-publish","has-post-thumbnail","hentry"],"_links":{"self":[{"href":"https:\/\/stereobitfm.com\/index.php?rest_route=\/wp\/v2\/pages\/227","targetHints":{"allow":["GET"]}}],"collection":[{"href":"https:\/\/stereobitfm.com\/index.php?rest_route=\/wp\/v2\/pages"}],"about":[{"href":"https:\/\/stereobitfm.com\/index.php?rest_route=\/wp\/v2\/types\/page"}],"author":[{"embeddable":true,"href":"https:\/\/stereobitfm.com\/index.php?rest_route=\/wp\/v2\/users\/1"}],"replies":[{"embeddable":true,"href":"https:\/\/stereobitfm.com\/index.php?rest_route=%2Fwp%2Fv2%2Fcomments&post=227"}],"version-history":[{"count":7,"href":"https:\/\/stereobitfm.com\/index.php?rest_route=\/wp\/v2\/pages\/227\/revisions"}],"predecessor-version":[{"id":274,"href":"https:\/\/stereobitfm.com\/index.php?rest_route=\/wp\/v2\/pages\/227\/revisions\/274"}],"wp:featuredmedia":[{"embeddable":true,"href":"https:\/\/stereobitfm.com\/index.php?rest_route=\/wp\/v2\/media\/16"}],"wp:attachment":[{"href":"https:\/\/stereobitfm.com\/index.php?rest_route=%2Fwp%2Fv2%2Fmedia&parent=227"}],"curies":[{"name":"wp","href":"https:\/\/api.w.org\/{rel}","templated":true}]}}